{"version":"1.0","provider_name":"Noticas de oposiciones por Academia Emplea-te","provider_url":"https:\/\/www.emplea-te.com\/noticias-oposiciones","title":"Distribuci\u00f3n plazas Justicia OEP2018 y 2017 - Noticas de oposiciones por Academia Emplea-te","type":"rich","width":600,"height":338,"html":"<blockquote class=\"wp-embedded-content\" data-secret=\"rN1XgbTNyg\"><a href=\"https:\/\/www.emplea-te.com\/noticias-oposiciones\/distribucion-plazas-justicia-oep2018-y-2017\/\">Distribuci\u00f3n plazas Justicia OEP2018 y 2017<br><\/a><\/blockquote><iframe sandbox=\"allow-scripts\" security=\"restricted\" src=\"https:\/\/www.emplea-te.com\/noticias-oposiciones\/distribucion-plazas-justicia-oep2018-y-2017\/embed\/#?secret=rN1XgbTNyg\" width=\"600\" height=\"338\" title=\"\u00abDistribuci\u00f3n plazas Justicia OEP2018 y 2017&lt;br&gt;\u00bb \u2014 Noticas de oposiciones por Academia Emplea-te\" data-secret=\"rN1XgbTNyg\" frameborder=\"0\" marginwidth=\"0\" marginheight=\"0\" scrolling=\"no\" class=\"wp-embedded-content\"><\/iframe><script>\n\/*! This file is auto-generated *\/\n!function(d,l){\"use strict\";l.querySelector&&d.addEventListener&&\"undefined\"!=typeof URL&&(d.wp=d.wp||{},d.wp.receiveEmbedMessage||(d.wp.receiveEmbedMessage=function(e){var t=e.data;if((t||t.secret||t.message||t.value)&&!\/[^a-zA-Z0-9]\/.test(t.secret)){for(var s,r,n,a=l.querySelectorAll('iframe[data-secret=\"'+t.secret+'\"]'),o=l.querySelectorAll('blockquote[data-secret=\"'+t.secret+'\"]'),c=new RegExp(\"^https?:$\",\"i\"),i=0;i<o.length;i++)o[i].style.display=\"none\";for(i=0;i<a.length;i++)s=a[i],e.source===s.contentWindow&&(s.removeAttribute(\"style\"),\"height\"===t.message?(1e3<(r=parseInt(t.value,10))?r=1e3:~~r<200&&(r=200),s.height=r):\"link\"===t.message&&(r=new URL(s.getAttribute(\"src\")),n=new URL(t.value),c.test(n.protocol))&&n.host===r.host&&l.activeElement===s&&(d.top.location.href=t.value))}},d.addEventListener(\"message\",d.wp.receiveEmbedMessage,!1),l.addEventListener(\"DOMContentLoaded\",function(){for(var e,t,s=l.querySelectorAll(\"iframe.wp-embedded-content\"),r=0;r<s.length;r++)(t=(e=s[r]).getAttribute(\"data-secret\"))||(t=Math.random().toString(36).substring(2,12),e.src+=\"#?secret=\"+t,e.setAttribute(\"data-secret\",t)),e.contentWindow.postMessage({message:\"ready\",secret:t},\"*\")},!1)))}(window,document);\n\/\/# sourceURL=https:\/\/www.emplea-te.com\/noticias-oposiciones\/wp-includes\/js\/wp-embed.min.js\n<\/script>\n","description":"Tal como os informamos hace unos d\u00edas tras la Reuni\u00f3n de Mesa Sectorial en el Ministerio de Justicia el pasado 12 de julio, las OEP de 2017 y 2018 se acumular\u00e1n en una sola convocatoria. Seg\u00fan fuentes sindicales podemos adelantaros el siguiente cuadro con las plazas que se convocar\u00e1n en la pr\u00f3xima convocatoria en turno libre y\u00a0 promoci\u00f3n interna en los Cuerpos al servicio de la Administraci\u00f3n de Justicia. Enlace fuente sindical"}

Distribución plazas Justicia OEP2018 y 2017 - Noticas de oposiciones por Academia Emplea-te

<blockquote class="wp-embedded-content" data-secret="rN1XgbTNyg"><a href="https://www.emplea-te.com/noticias-oposiciones/distribucion-plazas-justicia-oep2018-y-2017/">Distribución plazas Justicia OEP2018 y 2017<br></a></blockquote><iframe sandbox="allow-scripts" security="restricted" src="https://www.emplea-te.com/noticias-oposiciones/distribucion-plazas-justicia-oep2018-y-2017/embed/#?secret=rN1XgbTNyg" width="600" height="338" title="«Distribución plazas Justicia OEP2018 y 2017&lt;br&gt;» — Noticas de oposiciones por Academia Emplea-te" data-secret="rN1XgbTNyg" frameborder="0" marginwidth="0" marginheight="0" scrolling="no" class="wp-embedded-content"></iframe><script>
/*! This file is auto-generated */
!function(d,l){"use strict";l.querySelector&&d.addEventListener&&"undefined"!=typeof URL&&(d.wp=d.wp||{},d.wp.receiveEmbedMessage||(d.wp.receiveEmbedMessage=function(e){var t=e.data;if((t||t.secret||t.message||t.value)&&!/[^a-zA-Z0-9]/.test(t.secret)){for(var s,r,n,a=l.querySelectorAll('iframe[data-secret="'+t.secret+'"]'),o=l.querySelectorAll('blockquote[data-secret="'+t.secret+'"]'),c=new RegExp("^https?:$","i"),i=0;i<o.length;i++)o[i].style.display="none";for(i=0;i<a.length;i++)s=a[i],e.source===s.contentWindow&&(s.removeAttribute("style"),"height"===t.message?(1e3<(r=parseInt(t.value,10))?r=1e3:~~r<200&&(r=200),s.height=r):"link"===t.message&&(r=new URL(s.getAttribute("src")),n=new URL(t.value),c.test(n.protocol))&&n.host===r.host&&l.activeElement===s&&(d.top.location.href=t.value))}},d.addEventListener("message",d.wp.receiveEmbedMessage,!1),l.addEventListener("DOMContentLoaded",function(){for(var e,t,s=l.querySelectorAll("iframe.wp-embedded-content"),r=0;r<s.length;r++)(t=(e=s[r]).getAttribute("data-secret"))||(t=Math.random().toString(36).substring(2,12),e.src+="#?secret="+t,e.setAttribute("data-secret",t)),e.contentWindow.postMessage({message:"ready",secret:t},"*")},!1)))}(window,document);
//# sourceURL=https://www.emplea-te.com/noticias-oposiciones/wp-includes/js/wp-embed.min.js
</script>

Tal como os informamos hace unos días tras la Reunión de Mesa Sectorial en el Ministerio de Justicia el pasado 12 de julio, las OEP de 2017 y 2018 se acumularán en una sola convocatoria. Según fuentes sindicales podemos adelantaros el siguiente cuadro con las plazas que se convocarán en la próxima convocatoria en turno libre y  promoción interna en los Cuerpos al servicio de la Administración de Justicia. Enlace fuente sindical
