{"id":3,"date":"2019-04-01T10:54:51","date_gmt":"2019-04-01T08:54:51","guid":{"rendered":"https:\/\/www.emplea-te.com\/noticias-oposiciones\/?page_id=3"},"modified":"2019-04-01T16:18:28","modified_gmt":"2019-04-01T14:18:28","slug":"politica-privacidad","status":"publish","type":"page","link":"https:\/\/www.emplea-te.com\/noticias-oposiciones\/politica-privacidad\/","title":{"rendered":"Pol\u00edtica de privacidad"},"content":{"rendered":"\n<h2 class=\"wp-block-heading\">INFORMACI\u00d3N ADICIONAL SOBRE PROTECCI\u00d3N DE DATOS<\/h2>\n\n\n\n<p><strong>Responsable del Tratamiento:<\/strong><br>Identidad: Ana Leis Porras NIF 32821678B<br>Direcci\u00f3n: San Andr\u00e9s 148 bajo, 15003, A Coru\u00f1a.<br>Tel\u00e9fono: 981 903 703<br>Correo electr\u00f3nico:&nbsp;<a target=\"_blank\" rel=\"noreferrer noopener\" href=\"mailto:info@emplea-te.com\" class=\"\">info@emplea-te.com<\/a><\/p>\n\n\n\n<p><strong>Finalidad del tratamiento de sus datos:<\/strong><br>Los datos que nos facilita son tratados e incorporados a un Fichero con la finalidad de tramitar la matr\u00edcula del alumno as\u00ed como gestionar el expediente acad\u00e9mico. Los datos del titular de la cuenta se usar\u00e1n para proceder al cobro mediante recibo bancario. Tambi\u00e9n se emplear\u00e1n sus datos de contacto para remitirle comunicaciones de inter\u00e9s y avisos durante el ciclo acad\u00e9mico o informaci\u00f3n de car\u00e1cter comercial que pueda de su inter\u00e9s, pudiendo en todo caso solicitar su baja de dicho servicio en cada comunicaci\u00f3n que se realice.<\/p>\n\n\n\n<p><strong>Tiempo de conservaci\u00f3n de&nbsp;sus datos:<\/strong><br>Sus datos ser\u00e1n conservados mientras se mantenga vigente la relaci\u00f3n contractual o de servicios y una vez finalizada \u00e9sta durante el tiempo en que no nos indique lo contrario.<\/p>\n\n\n\n<p><strong>Base legal que justifica el tratamiento de datos:<\/strong><br>Sus datos son tratados bajo la base legal de dar cumplimiento a la prestaci\u00f3n de servicios solicitada por su parte o en el caso de los menores de edad por la persona que ostenta la representaci\u00f3n legal del interesado.<\/p>\n\n\n\n<p><strong>Comunicamos sus datos:<\/strong><br>Sus datos ser\u00e1n comunicados a empresas ofertantes de empleo dentro de la bolsa de trabajo del centro.<br>Sus datos ser\u00e1n comunicados a los profesionales docentes dentro del contrato de prestaci\u00f3n de servicios suscrito entre el centro educativo y aquellos de acuerdo con las medidas de seguridad que exige el RGPD UE2017\/679.&nbsp;<\/p>\n\n\n\n<p>Sus datos ser\u00e1n comunicados a entidades bancarias para la emisi\u00f3n de los recibos de cobro. En caso de impago sus datos ser\u00e1n comunicados a entidades de recobro y en su caso a ficheros comunes de solvencia patrimonial y cr\u00e9dito relativos al cumplimiento o incumplimiento de obligaciones dinerarias.<\/p>\n\n\n\n<p>Disponemos de un servicio basado en tecnolog\u00eda de Google, para correo electr\u00f3nico y servicios de almacenamiento en la nube,&nbsp; compa\u00f1\u00eda ubicada en E.E.U.U adherida al protocolo Privacy Shield.<\/p>\n\n\n\n<p>Sus datos pueden ser comunicados a las autoridades administrativas con competencia en materia educativa dentro de los supuestos legalmente previstos.<\/p>\n\n\n\n<p><strong>Sus derechos:<\/strong><br>El titular de los datos tiene derecho a:<br><\/p>\n\n\n\n<ul class=\"wp-block-list\"><li class=\"\">Acceder a sus datos<\/li><li class=\"\">Rectificar sus datos<\/li><li class=\"\">Suprimir sus datos<\/li><li class=\"\">Portar sus datos a otro Responsable<\/li><li class=\"\">Oponerse a todo o parte del tratamiento<\/li><li class=\"\">Limitar el uso de sus datos personales<\/li><\/ul>\n\n\n\n<p>En caso de no satisfacer sus derechos, puede presentar reclamaci\u00f3n ante la Autoridad de Protecci\u00f3n de Datos.&nbsp;<\/p>\n\n\n\n<p><strong>Forma de obtenci\u00f3n de sus datos:<\/strong><br>Origen: El propio interesado en el caso de mayores de edad. El representante legal en caso de menores de edad.<br>Categor\u00edas de datos:&nbsp;<br><\/p>\n\n\n\n<ul class=\"wp-block-list\"><li class=\"\">Datos del alumno: Datos de car\u00e1cter identificativo. Nombre y apellidos; domicilio; poblaci\u00f3n; tel\u00e9fono; email; fecha de nacimiento; estudios; sexo; DNI; nacionalidad; situaci\u00f3n laboral; firma.<\/li><li class=\"\">Datos del titular de la cuenta: Nombre y apellidos; domicilio; DNI; sexo; nacionalidad; pa\u00eds de origen; situaci\u00f3n laboral; datos bancarios; firma.<\/li><li class=\"\">Datos del representante legal: Nombre y apellidos; domicilio; DNI; tel\u00e9fono; firma.<\/li><\/ul>\n\n\n\n<p>No se tratan datos especialmente protegidos.\n\n<\/p>\n\n\n\n<p><\/p>\n","protected":false},"excerpt":{"rendered":"<p>INFORMACI\u00d3N ADICIONAL SOBRE PROTECCI\u00d3N DE DATOS Responsable del Tratamiento:Identidad: Ana Leis Porras NIF 32821678BDirecci\u00f3n: San Andr\u00e9s 148 bajo, 15003, A Coru\u00f1a.Tel\u00e9fono: 981 903 703Correo electr\u00f3nico:&nbsp;info@emplea-te.com Finalidad del tratamiento de sus datos:Los datos que nos facilita son tratados e incorporados a un Fichero con la finalidad de tramitar la matr\u00edcula del alumno as\u00ed como gestionar el &hellip; <a href=\"https:\/\/www.emplea-te.com\/noticias-oposiciones\/politica-privacidad\/\" class=\"more-link\">Continuar leyendo<span class=\"screen-reader-text\"> \u00abPol\u00edtica de privacidad\u00bb<\/span><\/a><\/p>\n","protected":false},"author":1,"featured_media":0,"parent":0,"menu_order":0,"comment_status":"closed","ping_status":"open","template":"","meta":{"footnotes":""},"class_list":["post-3","page","type-page","status-publish","hentry"],"yoast_head":"<!-- This site is optimized with the Yoast SEO plugin v27.5 - https:\/\/yoast.com\/product\/yoast-seo-wordpress\/ -->\n<title>Pol\u00edtica de privacidad - Noticas de oposiciones por Academia Emplea-te<\/title>\n<meta name=\"robots\" content=\"index, follow, max-snippet:-1, max-image-preview:large, max-video-preview:-1\" \/>\n<link rel=\"canonical\" href=\"https:\/\/www.emplea-te.com\/noticias-oposiciones\/politica-privacidad\/\" \/>\n<meta property=\"og:locale\" content=\"es_ES\" \/>\n<meta property=\"og:type\" content=\"article\" \/>\n<meta property=\"og:title\" content=\"Pol\u00edtica de privacidad - Noticas de oposiciones por Academia Emplea-te\" \/>\n<meta property=\"og:description\" content=\"INFORMACI\u00d3N ADICIONAL SOBRE PROTECCI\u00d3N DE DATOS Responsable del Tratamiento:Identidad: Ana Leis Porras NIF 32821678BDirecci\u00f3n: San Andr\u00e9s 148 bajo, 15003, A Coru\u00f1a.Tel\u00e9fono: 981 903 703Correo electr\u00f3nico:&nbsp;info@emplea-te.com Finalidad del tratamiento de sus datos:Los datos que nos facilita son tratados e incorporados a un Fichero con la finalidad de tramitar la matr\u00edcula del alumno as\u00ed como gestionar el &hellip; Continuar leyendo &quot;Pol\u00edtica de privacidad&quot;\" \/>\n<meta property=\"og:url\" content=\"https:\/\/www.emplea-te.com\/noticias-oposiciones\/politica-privacidad\/\" \/>\n<meta property=\"og:site_name\" content=\"Noticas de oposiciones por Academia Emplea-te\" \/>\n<meta property=\"article:publisher\" content=\"https:\/\/www.facebook.com\/AcademiaEmpleate\/\" \/>\n<meta property=\"article:modified_time\" content=\"2019-04-01T14:18:28+00:00\" \/>\n<meta name=\"twitter:card\" content=\"summary_large_image\" \/>\n<meta name=\"twitter:site\" content=\"@Emplea_Te\" \/>\n<meta name=\"twitter:label1\" content=\"Tiempo de lectura\" \/>\n\t<meta name=\"twitter:data1\" content=\"3 minutos\" \/>\n<script type=\"application\/ld+json\" class=\"yoast-schema-graph\">{\"@context\":\"https:\\\/\\\/schema.org\",\"@graph\":[{\"@type\":\"WebPage\",\"@id\":\"https:\\\/\\\/www.emplea-te.com\\\/noticias-oposiciones\\\/politica-privacidad\\\/\",\"url\":\"https:\\\/\\\/www.emplea-te.com\\\/noticias-oposiciones\\\/politica-privacidad\\\/\",\"name\":\"Pol\u00edtica de privacidad - Noticas de oposiciones por Academia Emplea-te\",\"isPartOf\":{\"@id\":\"https:\\\/\\\/www.emplea-te.com\\\/noticias-oposiciones\\\/#website\"},\"datePublished\":\"2019-04-01T08:54:51+00:00\",\"dateModified\":\"2019-04-01T14:18:28+00:00\",\"breadcrumb\":{\"@id\":\"https:\\\/\\\/www.emplea-te.com\\\/noticias-oposiciones\\\/politica-privacidad\\\/#breadcrumb\"},\"inLanguage\":\"es\",\"potentialAction\":[{\"@type\":\"ReadAction\",\"target\":[\"https:\\\/\\\/www.emplea-te.com\\\/noticias-oposiciones\\\/politica-privacidad\\\/\"]}]},{\"@type\":\"BreadcrumbList\",\"@id\":\"https:\\\/\\\/www.emplea-te.com\\\/noticias-oposiciones\\\/politica-privacidad\\\/#breadcrumb\",\"itemListElement\":[{\"@type\":\"ListItem\",\"position\":1,\"name\":\"Noticias Oposiciones\",\"item\":\"https:\\\/\\\/www.emplea-te.com\\\/noticias-oposiciones\\\/\"},{\"@type\":\"ListItem\",\"position\":2,\"name\":\"Pol\u00edtica de privacidad\"}]},{\"@type\":\"WebSite\",\"@id\":\"https:\\\/\\\/www.emplea-te.com\\\/noticias-oposiciones\\\/#website\",\"url\":\"https:\\\/\\\/www.emplea-te.com\\\/noticias-oposiciones\\\/\",\"name\":\"Noticas de oposiciones por Academia Emplea-te\",\"description\":\"Toda la actualidad de las ofertas y convocatorias.\",\"publisher\":{\"@id\":\"https:\\\/\\\/www.emplea-te.com\\\/noticias-oposiciones\\\/#organization\"},\"potentialAction\":[{\"@type\":\"SearchAction\",\"target\":{\"@type\":\"EntryPoint\",\"urlTemplate\":\"https:\\\/\\\/www.emplea-te.com\\\/noticias-oposiciones\\\/?s={search_term_string}\"},\"query-input\":{\"@type\":\"PropertyValueSpecification\",\"valueRequired\":true,\"valueName\":\"search_term_string\"}}],\"inLanguage\":\"es\"},{\"@type\":\"Organization\",\"@id\":\"https:\\\/\\\/www.emplea-te.com\\\/noticias-oposiciones\\\/#organization\",\"name\":\"Academia de oposiciones Empl\u00e9ate\",\"url\":\"https:\\\/\\\/www.emplea-te.com\\\/noticias-oposiciones\\\/\",\"logo\":{\"@type\":\"ImageObject\",\"inLanguage\":\"es\",\"@id\":\"https:\\\/\\\/www.emplea-te.com\\\/noticias-oposiciones\\\/#\\\/schema\\\/logo\\\/image\\\/\",\"url\":\"https:\\\/\\\/www.emplea-te.com\\\/noticias-oposiciones\\\/wp-content\\\/uploads\\\/2019\\\/04\\\/empleate.jpg\",\"contentUrl\":\"https:\\\/\\\/www.emplea-te.com\\\/noticias-oposiciones\\\/wp-content\\\/uploads\\\/2019\\\/04\\\/empleate.jpg\",\"width\":250,\"height\":150,\"caption\":\"Academia de oposiciones Empl\u00e9ate\"},\"image\":{\"@id\":\"https:\\\/\\\/www.emplea-te.com\\\/noticias-oposiciones\\\/#\\\/schema\\\/logo\\\/image\\\/\"},\"sameAs\":[\"https:\\\/\\\/www.facebook.com\\\/AcademiaEmpleate\\\/\",\"https:\\\/\\\/x.com\\\/Emplea_Te\",\"https:\\\/\\\/www.instagram.com\\\/academia_empleate\\\/\"]}]}<\/script>\n<!-- \/ Yoast SEO plugin. -->","yoast_head_json":{"title":"Pol\u00edtica de privacidad - Noticas de oposiciones por Academia Emplea-te","robots":{"index":"index","follow":"follow","max-snippet":"max-snippet:-1","max-image-preview":"max-image-preview:large","max-video-preview":"max-video-preview:-1"},"canonical":"https:\/\/www.emplea-te.com\/noticias-oposiciones\/politica-privacidad\/","og_locale":"es_ES","og_type":"article","og_title":"Pol\u00edtica de privacidad - Noticas de oposiciones por Academia Emplea-te","og_description":"INFORMACI\u00d3N ADICIONAL SOBRE PROTECCI\u00d3N DE DATOS Responsable del Tratamiento:Identidad: Ana Leis Porras NIF 32821678BDirecci\u00f3n: San Andr\u00e9s 148 bajo, 15003, A Coru\u00f1a.Tel\u00e9fono: 981 903 703Correo electr\u00f3nico:&nbsp;info@emplea-te.com Finalidad del tratamiento de sus datos:Los datos que nos facilita son tratados e incorporados a un Fichero con la finalidad de tramitar la matr\u00edcula del alumno as\u00ed como gestionar el &hellip; Continuar leyendo \"Pol\u00edtica de privacidad\"","og_url":"https:\/\/www.emplea-te.com\/noticias-oposiciones\/politica-privacidad\/","og_site_name":"Noticas de oposiciones por Academia Emplea-te","article_publisher":"https:\/\/www.facebook.com\/AcademiaEmpleate\/","article_modified_time":"2019-04-01T14:18:28+00:00","twitter_card":"summary_large_image","twitter_site":"@Emplea_Te","twitter_misc":{"Tiempo de lectura":"3 minutos"},"schema":{"@context":"https:\/\/schema.org","@graph":[{"@type":"WebPage","@id":"https:\/\/www.emplea-te.com\/noticias-oposiciones\/politica-privacidad\/","url":"https:\/\/www.emplea-te.com\/noticias-oposiciones\/politica-privacidad\/","name":"Pol\u00edtica de privacidad - Noticas de oposiciones por Academia Emplea-te","isPartOf":{"@id":"https:\/\/www.emplea-te.com\/noticias-oposiciones\/#website"},"datePublished":"2019-04-01T08:54:51+00:00","dateModified":"2019-04-01T14:18:28+00:00","breadcrumb":{"@id":"https:\/\/www.emplea-te.com\/noticias-oposiciones\/politica-privacidad\/#breadcrumb"},"inLanguage":"es","potentialAction":[{"@type":"ReadAction","target":["https:\/\/www.emplea-te.com\/noticias-oposiciones\/politica-privacidad\/"]}]},{"@type":"BreadcrumbList","@id":"https:\/\/www.emplea-te.com\/noticias-oposiciones\/politica-privacidad\/#breadcrumb","itemListElement":[{"@type":"ListItem","position":1,"name":"Noticias Oposiciones","item":"https:\/\/www.emplea-te.com\/noticias-oposiciones\/"},{"@type":"ListItem","position":2,"name":"Pol\u00edtica de privacidad"}]},{"@type":"WebSite","@id":"https:\/\/www.emplea-te.com\/noticias-oposiciones\/#website","url":"https:\/\/www.emplea-te.com\/noticias-oposiciones\/","name":"Noticas de oposiciones por Academia Emplea-te","description":"Toda la actualidad de las ofertas y convocatorias.","publisher":{"@id":"https:\/\/www.emplea-te.com\/noticias-oposiciones\/#organization"},"potentialAction":[{"@type":"SearchAction","target":{"@type":"EntryPoint","urlTemplate":"https:\/\/www.emplea-te.com\/noticias-oposiciones\/?s={search_term_string}"},"query-input":{"@type":"PropertyValueSpecification","valueRequired":true,"valueName":"search_term_string"}}],"inLanguage":"es"},{"@type":"Organization","@id":"https:\/\/www.emplea-te.com\/noticias-oposiciones\/#organization","name":"Academia de oposiciones Empl\u00e9ate","url":"https:\/\/www.emplea-te.com\/noticias-oposiciones\/","logo":{"@type":"ImageObject","inLanguage":"es","@id":"https:\/\/www.emplea-te.com\/noticias-oposiciones\/#\/schema\/logo\/image\/","url":"https:\/\/www.emplea-te.com\/noticias-oposiciones\/wp-content\/uploads\/2019\/04\/empleate.jpg","contentUrl":"https:\/\/www.emplea-te.com\/noticias-oposiciones\/wp-content\/uploads\/2019\/04\/empleate.jpg","width":250,"height":150,"caption":"Academia de oposiciones Empl\u00e9ate"},"image":{"@id":"https:\/\/www.emplea-te.com\/noticias-oposiciones\/#\/schema\/logo\/image\/"},"sameAs":["https:\/\/www.facebook.com\/AcademiaEmpleate\/","https:\/\/x.com\/Emplea_Te","https:\/\/www.instagram.com\/academia_empleate\/"]}]}},"_links":{"self":[{"href":"https:\/\/www.emplea-te.com\/noticias-oposiciones\/wp-json\/wp\/v2\/pages\/3","targetHints":{"allow":["GET"]}}],"collection":[{"href":"https:\/\/www.emplea-te.com\/noticias-oposiciones\/wp-json\/wp\/v2\/pages"}],"about":[{"href":"https:\/\/www.emplea-te.com\/noticias-oposiciones\/wp-json\/wp\/v2\/types\/page"}],"author":[{"embeddable":true,"href":"https:\/\/www.emplea-te.com\/noticias-oposiciones\/wp-json\/wp\/v2\/users\/1"}],"replies":[{"embeddable":true,"href":"https:\/\/www.emplea-te.com\/noticias-oposiciones\/wp-json\/wp\/v2\/comments?post=3"}],"version-history":[{"count":1,"href":"https:\/\/www.emplea-te.com\/noticias-oposiciones\/wp-json\/wp\/v2\/pages\/3\/revisions"}],"predecessor-version":[{"id":15,"href":"https:\/\/www.emplea-te.com\/noticias-oposiciones\/wp-json\/wp\/v2\/pages\/3\/revisions\/15"}],"wp:attachment":[{"href":"https:\/\/www.emplea-te.com\/noticias-oposiciones\/wp-json\/wp\/v2\/media?parent=3"}],"curies":[{"name":"wp","href":"https:\/\/api.w.org\/{rel}","templated":true}]}}